*b - 40. Let s(x) = -x**3 - 7*x**2 + 11*x + 13. Let k be s(-7). Let v = k + 85. What is the hundreds digit of z(v)?
1
Let l be (4 - (5 - -9))*(-59)/2. Suppose -b - 2*b = 2*r - l, 3*r = 3*b - 300. Suppose 46 = g - b. What is the units digit of g?
5
Let k = 506 + -488. What is the hundreds digit of 11/((-231)/k)*-483?
4
Let w be (-6)/(-12) + ((-18)/4)/(-1). Suppose -w*a - 2*r + 7*r = -465, -5*r + 75 = a. What is the units digit of a*(5 + 0)/5?
0
Suppose -4*z = -u + 4*u + 86, -u = 2. Let k = z + 18. What is the units digit of k - ((1 - 3 - 70) + 0)?
0
Let x(a) = a**3 + 16*a**2 - 31*a + 90. Let r be x(-18). Suppose 3*d + 2*d = 10. Suppose 8 + 46 = d*b + 4*l, r = 3*b - 5*l - 81. What is the units digit of b?
7
Let l = -521 - -526. Suppose 2*f - 9*f = 5*d - 4443, 5*d = l*f - 3165. What is the units digit of f?
4
Let h be (-17 + 15)*3/(-2). Let q be (-1)/h*(16/(-2) + 2). What is the hundreds digit of q + (-490)/(-2) + 2?
2
Let m(s) = 78*s - 110 - 28*s - 214 + 77. What is the hundreds digit of m(19)?
7
Suppose -f + 94 = -2*o + 22, -4*o + 3*f = 144. What is the hundreds digit of 3*8/o - 3595/(-15)?
2
Let h = 17537 - -2332. What is the tens digit of h?
6
Let l = 77811 - 38889. What is the thousands digit of l?
8
Suppose 1 = -4*k - 11. Let m be 10/k*102/(-4). Let p = m + -21. What is the tens digit of p?
6
Let n(h) = 27*h**2 + 51*h + 671. What is the thousands digit of n(-12)?
3
Suppose 38*t = 8*t + 990. Let i = 779 + t. What is the hundreds digit of i?
8
Let i = -27152 + 40790. What is the units digit of i?
8
Suppose 70*p + 768 = 72*p. Let j = -209 + p. What is the tens digit of j?
7
What is the hundreds digit of (-23133)/(-2)*((-6020)/30)/(-43)?
9
Suppose 90*y - 92*y + 12436 = -4*f, -2*y + 3*f + 12439 = 0. What is the tens digit of y?
2
What is the hundreds digit of 15/(296905/355530 - (-10)/(-12))?
4
Let b(h) be the third derivative of -5*h**4/6 - 3*h**3/2 + 3*h**2. Let j be b(2). Let t = j + 124. What is the tens digit of t?
7
Suppose 0 = -16*d + 766 + 172130. What is the ten thousands digit of d?
1
Suppose -2256 = 4*u + 5*g, u + 4*g + 770 = 217. Let s = -259 - u. What is the hundreds digit of s?
3
Let r = -15169 - -30440. What is the thousands digit of r?
5
Let i be 73/511 + 7422/(-14). Let b = 708 + i. What is the tens digit of b?
7
Let u(k) = -6*k + 60. Let y be u(14). What is the tens digit of 8/((-46)/142 + y/(-72))?
5
Let d be (-245)/140 - (-30)/8. Suppose -2*m - 14 = -4*m. Suppose -d*u + m + 35 = 0. What is the units digit of u?
1
Let w be (-1)/((-1)/3*-3). Let n(i) = 28637*i + 74*i**2 - 1 - 28639*i + 48*i**2. What is the units digit of n(w)?
3
Suppose 66*a = 65*a - 5. Let k(p) = 4*p**2 + 7*p - 5. Let x be k(a). Suppose -o + 7 = -x. What is the tens digit of o?
6
Suppose o = -2*g + 818, -21*g + 814 = o - 18*g. What is the tens digit of o?
2
Let i(w) = -w**2 - 3*w + 24. Suppose 2*g = -3*g - 30. Let l be i(g). Suppose l*b - 254 = 592. What is the units digit of b?
1
Suppose -4912 = -5*n - 3*n. Suppose c - n = -241. What is the tens digit of c?
7
Let s = -7964 - -16662. What is the thousands digit of s?
8
Suppose 796 = 4*i + 2*s - 7*s, -2*i + 2*s = -398. Suppose -18*t + 515 = -583. Let l = t + i. What is the units digit of l?
0
Suppose 725090 = 221*b - 610461 - 281727. What is the thousands digit of b?
7
Let b(m) = -45*m**2 + 7*m + 20. Let n(s) = 22*s**2 - 3*s - 10. Let i(x) = -3*b(x) - 7*n(x). Let j be i(4). Let z = j + 433. What is the hundreds digit of z?
1
Suppose 27*s = 13*s + 126910. What is the thousands digit of s?
9
Let m(o) = 3*o - 8. Let s(g) = 4*g - 9. Let n(p) = 5*m(p) - 6*s(p). What is the units digit of n(-24)?
0
Suppose 155*o - 306628 = 329337. What is the tens digit of o?
0
Let x(t) = -t**2 - 23*t + 4. Let q be x(-23). Let z be 0 - -1 - (-1 + -1). Suppose 0 = -q*s, -3*f = -s + z*s - 252. What is the units digit of f?
4
Let u(f) = -9*f - 52. Let w(b) = -b**3 - 3*b**2 + 10*b - 6. Let q be w(-5). Let a be u(q). What is the units digit of ((-7)/3 + a)*-516?
2
Let f(s) = -10*s**2 + 13*s**3 + 2*s**2 - 7*s**3 + 5 - 7*s**3 - 2*s. Let i be f(-8). What is the units digit of (-9)/i + 491*6/14?
0
Let z(h) = 3*h**3 + 3*h**2 + 5*h + 3. Let t be z(-2). Let c = -51 + t. Let g = c - -99. What is the tens digit of g?
2
Let z be (-10)/20 - (-1)/2. Suppose -11*p + 4572 + 2589 = z. What is the units digit of p?
1
What is the units digit of (21/(-9))/(2/(-276)*2)?
1
Let l(j) = -8*j - 40. Let r(o) = o**3 + 7*o**2 + 5*o - 16. Let z be r(-6). Let n be l(z). Let w = 13 + n. What is the tens digit of w?
5
Let x = 255 - 251. Suppose -4*l + x*n + 2656 = 8*n, -n = 2*l - 1330. What is the units digit of l?
6
Suppose 3*h + 5*i - 4088 = 0, 4*h - 5447 = 205*i - 208*i. What is the tens digit of h?
6
Suppose -27*w + 242 = -298. Let t(c) = -3*c**2 + 63*c - 45. What is the tens digit of t(w)?
1
Let o(w) be the first derivative of -11*w**2/2 - 7*w - 46. What is the tens digit of o(-31)?
3
Suppose 59 = 4*c - 41. Let h be (-10)/c - (-728)/20. Suppose -4*n = -2*n - h. What is the units digit of n?
8
Let a(k) = 4704*k**2 + 102*k + 272. What is the units digit of a(-4)?
8
Let l(v) = -2*v - 11. Let o be l(-7). Suppose -x - 4*b + 14 = b, 2*b + 8 = o*x. Suppose 94 = x*r - 250. What is the tens digit of r?
8
Let f be 2/4*(-200)/(-20). Suppose f*h + 1269 = -171. Let k = h - -490. What is the hundreds digit of k?
2
Let r be 14/84 - (-2)/(-12). Suppose 193*j - 191*j - 710 = r. What is the units digit of j?
5
Suppose 4*z + 2*j = z - 16, -2*z + 4*j = 0. Let f be (0 + -2)/((-5)/(-140)*z). What is the units digit of -1 + 67 - f/14 - -3?
8
Let x(p) = 149*p**2 + 35*p - 83. What is the tens digit of x(8)?
3
Let t = -341 - -813. Suppose 6*r = t + 1640. What is the tens digit of r?
5
Let v = -9 - -14. Suppose 0 = 9*w + v*w - 5124. What is the hundreds digit of w?
3
Let b(r) be the second derivative of r**4/3 - 2*r**3/3 - 7*r**2/2 + 3*r. Let q be ((-1)/3)/((-16)/(-96)). What is the units digit of b(q)?
7
Let g(p) = -p**2 - 21*p - 10. Suppose 0 = -4*u - 98 + 54. What is the hundreds digit of g(u)?
1
What is the thousands digit of (-2)/(((-40)/(-118120))/((-2)/(-2)*-1))?
5
Suppose -216*w + 208*w = -9072. Suppose 144*g + w = 147*g. What is the units digit of g?
8
Let f(y) = -18*y**2 - 108*y - 1. Let o be f(-6). Suppose 3*z + 13 = -14. What is the units digit of o/((-3)/z) + 101?
8
Suppose -6*a - 13 = 23. Let b(m) = m**2 + 4*m - 9. Let f be b(a). Suppose 45 = x - 0*r + f*r, 0 = 5*r - 20. What is the tens digit of x?
3
Let r(g) = -44*g + 569. Let p be -2*(-21)/56*-36. What is the thousands digit of r(p)?
1
Let b be 3/((-36)/(-72746)) - 1/6. What is the tens digit of 30/120 + b/8?
5
Let h(c) = -33*c**3 - 2*c**2 - 79*c - 408. What is the thousands digit of h(-6)?
7
Let s(k) = 5913*k - 7. What is the hundreds digit of s(1)?
9
Let n(r) = 5*r**2 - 6*r - 42. What is the hundreds digit of n(-25)?
2
Let o(k) = k + 36. Let r(z) = 6 - 67*z**3 + 2 + 66*z**3 - 14*z + 1 - 15*z**2. Let g be r(-14). What is the units digit of o(g)?
5
Let p be 9/(-4)*(-40)/30. Let j = p + 7. Suppose -6*a + j*a = 596. What is the units digit of a?
9
Let l be 4/9 + 24/(-54). Suppose -4*j + 3 + 21 = l. Suppose 360 = -j*s + 8*s. What is the hundreds digit of s?
1
Let w be 31/(-7) + 4 - 95122/(-14). Suppose 8*a + 170 - w = 0. What is the units digit of a?
8
Suppose -12128 = -2*q - 4*m, -3*q = 5*m - 2536 - 15654. What is the thousands digit of q?
6
Suppose 2*v = -2*g + 29398, -70 = -4*g - 66. What is the ten thousands digit of v?
1
Suppose 5*l - 123277 + 49985 = 38718. What is the units digit of l?
2
Suppose -5*h = -79 + 94, 5*i - 1167 = -h. Suppose 4*y - y = 0. Suppose y = -2*o + i + 6. What is the tens digit of o?
2
Let y be (91359/15)/3 + 8/10. Suppose -b + o = -5*b + 2719, 3*b - 2*o = y. What is the units digit of b?
9
Let p = -1764 - -5074. What is the tens digit of p?
1
Let h(s) = 107*s + 217. Let y(i) = 54*i + 108. Let j(d) = 6*h(d) - 11*y(d). What is the units digit of j(9)?
6
Suppose 2611998 + 393506 = 64*n. What is the thousands digit of n?
6
Let r be -5 - 10292/20 - (-2)/(-5). What is the tens digit of ((-12)/(-10))/((-4163)/r - 8)?
0
Suppose 174 = -5*s + 199. Suppose -4499 = -s*i + 4*g - 0*g, 5*i + 5*g - 4535 = 0. What is the units digit of i?
3
Suppose 7814431 - 2922463 = 288*b. What is the hundreds digit of b?
9
L